when 74 is divided by a(o).
17
Let j(n) be the second derivative of n**5/10 - n**4/12 - n**3/2 - n**2/2 - 15*n. Calculate the remainder when 104 is divided by j(3).
34
Let j(h) = -h**2 - 2*h + 23. Calculate the remainder when 30 is divided by j(-5).
6
Let i = -211 - -274. What is the remainder when i is divided by 8?
7
Suppose -3*i + 5*i - 34 = 0. Let x = 5 + i. What is the remainder when x is divided by 8?
6
Suppose 54 = -3*q + 4*t, -2*q = q + 2*t + 36. Let h = -7 - q. Suppose x + 13 = 2*g, -12 = -g + 2*x + 2. Calculate the remainder when h is divided by g.
3
Suppose -u - 5*l - 20 = 0, l = -3*u - l + 5. Let p(n) = -n + 27. Calculate the remainder when p(0) is divided by u.
2
Let r = -35 + 37. Suppose -2*v - 2*j + 206 = 0, -r*v - j + 0*j + 208 = 0. What is the remainder when v is divided by 18?
15
Suppose o = w + 17, -5*o - 4*w = -7*w - 87. Suppose -2*i - 2*a = -o, -4*i + 0*a + 48 = a. What is the remainder when 47 is divided by i?
8
Let y(r) = r + 8. Let i be (15/(-4))/((-3)/(-8)). Let j = i - -17. Calculate the remainder when 43 is divided by y(j).
13
Let b(k) = 7*k**2 - 7*k - 2. Let n(j) = 7*j**2 - 7*j - 2. Let i(x) = 6*b(x) - 5*n(x). What is the remainder when 202 is divided by i(2)?
10
Let q(o) = -45*o - 5. Let x be q(-2). Let l = x + -10. Calculate the remainder when l is divided by 39.
36
Suppose 5*f - 4*h + 228 + 150 = 0, f + 76 = h. Let y = 169 + f. Calculate the remainder when y is divided by 49.
46
Suppose 54 = -d + 3*d. Suppose 3*v - d - 18 = 0. What is the remainder when v is divided by 9?
6
Let v = 215 - 139. Suppose 73*s = v*s - 117. Calculate the remainder when 272 is divided by s.
38
Suppose 244 - 82 = -9*l. Suppose 3*p = 1 + 74. Let n = p - l. Calculate the remainder when n is divided by 11.
10
Let v(y) = 7*y - 228. Calculate the remainder when 188 is divided by v(39).
8
Let p = 36 - 23. Let z(h) = -3*h + h - p + 6*h - 5. Calculate the remainder when z(20) is divided by 21.
20
Suppose 0 = q - 4*p - 241, -3*q + 9*p = 14*p - 672. What is the remainder when q is divided by 71?
16
Suppose -5*p = 4*t - 17, 3*p - t = 7*p - 7. Let j(c) = 24*c**3. What is the remainder when j(p) is divided by 13?
11
Let o(y) = -y**3 - 4*y**2 - 6*y - 1. Let t(z) = 31*z - 4. Let l be t(3). Let d = -62 + l. Calculate the remainder when o(-6) is divided by d.
26
Let c = -36 + 77. Calculate the remainder when 196 is divided by c.
32
Suppose 0 = 5*j - 5, 4*f + 0*j = -j + 33. Calculate the remainder when (22/f)/(-1*2/(-8)) is divided by 4.
3
Let s(v) be the first derivative of 81*v**4/4 - v**3/3 + v - 7. Calculate the remainder when s(1) is divided by -12*((-21)/(-4))/(-3).
18
Let x = 46 + -29. Calculate the remainder when 4/(-30) + ((-16828)/105)/(-2) is divided by x.
12
Let m = 648 - 604. What is the remainder when m is divided by 2/7 + 61/7?
8
Let p(a) = -a - 9. Let y be p(7). Let z be 3 - (y - (-1 - 2)). Suppose -2*n - 4*w = 0, 4*n + 2*w = 14 + z. Calculate the remainder when 29 is divided by n.
9
Suppose -4*d - 569 = -33. Let f = 257 + d. Suppose 13*g = 10*g + f. What is the remainder when g is divided by 11?
8
Let p(w) = -2*w**3 + 16*w**2 - 20*w - 8. Let c = -13 - -22. Calculate the remainder when p(5) is divided by c.
6
Let s = -27 - -101. Let a = -45 - -63. Suppose t - a = 7. Calculate the remainder when s is divided by t.
24
Let q = -5 - -14. Let c = -47 - -49. Suppose -c*z = -4*f - 0*z + 50, f = 5*z - 10. Calculate the remainder when f is divided by q.
6
Let l = 154 + -137. What is the remainder when 116 is divided by l?
14
What is the remainder when ((-60)/8)/((-9)/372) is divided by 110?
90
Let l be 63/6*2/3. Calculate the remainder when (-8 + l)/(2/(-54)) is divided by 14.
13
Let x = -75 + 77. Suppose 4*l + 91 = 3*o - 171, -x*o - 4*l + 208 = 0. What is the remainder when o is divided by 32?
30
Suppose 3*a = -0*a + 15. Suppose 0 = a*f - 4*f - 98. What is the remainder when f is divided by 25?
23
Suppose -4 = -n - 0*n, 4*f - 4 = -3*n. Let h be ((-32)/(-3) + -2)*3. Calculate the remainder when 36 is divided by (f/2*h)/(-2).
10
Let m(g) = g**2 + 4*g + 7. Let l(v) = v + 8. Let u be l(-6). Suppose 7*d = u*d + 25. Calculate the remainder when m(-5) is divided by d.
2
Let u be (1 - 2)*-14*1. Suppose -u = -2*s - 4. What is the remainder when 49 is divided by 6/(-30) - (-66)/s?
10
Let s = 9 - 7. Suppose 4*f - 5 - 63 = 0. Calculate the remainder when (3/(-9)*-93)/(2/s) is divided by f.
14
Let y(u) = 4*u + 20. Let h be y(-4). Suppose h*t + 0*t = 4*j - 92, 5*j = 2*t + 106. What is the remainder when 37 is divided by j?
17
Let d(s) = -s**3 + 11*s**2 + 44*s + 7. Calculate the remainder when 45 is divided by d(14).
10
Let h(r) = -r - 9. Let p be h(-14). Suppose -z + 2*l + 44 = 3*z, p*z + 2*l - 64 = 0. Calculate the remainder when 81 is divided by z.
9
Let h = -113 - -157. Calculate the remainder when h is divided by 15.
14
Let f(y) = -y - 2. Let l be f(13). Let s = 35 + l. What is the remainder when 75 is divided by s?
15
Let t = 159 - 148. Let n(m) = -14*m + 5. What is the remainder when n(-5) is divided by t?
9
Let j(d) = 32*d**2 + d. Let n = 18 - -1. What is the remainder when j(1) is divided by n?
14
Let c(d) = d**3 - 19*d**2 + 22*d + 10. Let s be c(18). Suppose 2*q - s = -3*w, w = -4*q - 0*w + 154. Calculate the remainder when 188 is divided by q.
36
Suppose 4*f = 8*f - 24. Suppose 0 = -g + f*q - q + 96, -g - 3*q + 104 = 0. Calculate the remainder when g is divided by 6.
5
Suppose -a = -r + 3*r - 117, 2 = r. Let l = -22 + a. Suppose -4*b + 4*k = -71 - 49, -119 = -4*b + 5*k. What is the remainder when l is divided by b?
29
Let p = 53 - 12. Let n be -1*(0/(-4))/(-3). Suppose n = -f - 1 + 12. What is the remainder when p is divided by f?
8
Let h = 1 + 28. Let y = 789 - 774. Calculate the remainder when h is divided by y.
14
Let q = 9 + -5. Suppose -q*i - 2 = 10. Calculate the remainder when 5 is divided by (-5)/(-3) + (-1)/i.
1
Let v = -22 - -21. Let l be (0/(-5 - -1))/v. Suppose -2*n + 5*n - 141 = l. Calculate the remainder when n is divided by 12.
11
Let k = 221 + -208. Let y = -38 - -87. Calculate the remainder when y is divided by k.
10
Let b(c) = c**2 + 2*c - 8. Let w = -491 - -496. What is the remainder when b(-6) is divided by w?
1
Let k(h) = -44*h + 155. Calculate the remainder when 131 is divided by k(3).
16
Let a be (-28)/(-10) - (-4)/20. Calculate the remainder when 1 is divided by (0 + -3 + 5)*a/6.
0
Let i(o) = -10*o - 45. Let g be i(-9). Suppose -g = -2*s + 185. What is the remainder when s is divided by 13?
11
Suppose -20 = -l + 2*h - h, h - 37 = -2*l. Let u = -48 - -102. What is the remainder when u is divided by l?
16
Suppose -w = 3*h - 28, 3*h - 30 = -2*w - w. Suppose 5*q = h*q - 76. Calculate the remainder when q is divided by 5.
4
Let f(l) = l**2 - 2*l + 33. What is the remainder when 205 is divided by f(0)?
7
What is the remainder when 1089 is divided by (4 + 70/(-10))*-28?
81
Let w(m) = m**2 - 7*m - 17. Suppose 14*a - 15*a = 4. Calculate the remainder when w(a) is divided by 10.
7
Suppose 5*p - 5*i = 5680, 0 = 2*p + 5*i - 3080 + 843. Calculate the remainder when p is divided by 81.
78
Let r(z) = 8*z**2 - 4*z - 1. Suppose -c = 6*c - 301. What is the remainder when c is divided by r(2)?
20
Let g = 1 + 8. Let z(h) = -h**3 + 17. Let a(i) = -i**2 - 10*i. Let n be a(-10). Calculate the remainder when z(n) is divided by g.
8
Suppose -348 = -3*d + 4*m - m, 0 = -4*d - 3*m + 492. Calculate the remainder when d is divided by 63.
57
Let l = -134 - -156. Suppose 1 = n - 4*j - 3, 3*n + 4*j = 12. What is the remainder when l is divided by n?
2
Suppose 10*d - 76 = 104. What is the remainder when d is divided by 4?
2
Suppose -10*l = 12*l - 24*l + 20. Suppose -3*q - 3 = -21. Calculate the remainder when l is divided by q.
4
Suppose 0 = 5*s + 15, -2*r = -3*r - 3*s + 84. Let p = 187 - r. What is the remainder when p is divided by 16?
14
Calculate the remainder when 317 is divided by (99/6)/11*72.
101
Suppose -57*w - 12207 = -70*w. Calculate the remainder when w is divided by 35.
29
Suppose -6*s + 2*s + 16 = 2*c, -5*c + 2*s + 64 = 0. Suppose 577 = 5*r + 152. Calculate the remainder when r is divided by 4/c + 455/21.
19
Suppose 0 = -14*p + 44*p - 2850. What is the remainder when p is divided by 10?
5
Suppose 0 = 335*r - 333*r - 334. Calculate the remaind